e the highest common factor of o and 15.
3
Let o = 68 - 41. Suppose o = 3*q - 21. Suppose -8*n + n = -336. Calculate the greatest common divisor of n and q.
16
Let y be -1*(2 - 1) - -45*2. Let p = 199 - y. Calculate the highest common factor of p and 10.
10
Let a = 31 + -19. Let f be (108/12)/(a/10 + -1). Suppose 5*j - 2*j = -3*y + 15, y - 13 = j. What is the greatest common factor of f and y?
9
Suppose n = -h + 69 - 59, -39 = -4*n - 5*h. Let f = 634 - 426. Suppose m - 213 = -c, -5*c - n = m - f. What is the highest common factor of m and 31?
31
Suppose 52 = -w + 187. Let p = -65 + w. Suppose -13 - 5 = -d - 4*x, 3*d = -2*x + 34. What is the highest common factor of d and p?
10
Let c be 12/54 - (-5)/(405/7758). What is the highest common divisor of c and 348?
12
Let i be 24/((-75)/20 + 4). Suppose -3*m = -d - i, 2*m + m - 90 = 3*d. Calculate the highest common divisor of m and 33.
33
Let s be (0 - 2)/((-18)/(-63)). Let x(o) = -5*o + 1. Let r be x(s). Suppose 2*q - 3*w - 54 = -q, 2*q = -w + r. What is the highest common factor of 144 and q?
18
Suppose -3*n + 105 = x + 4*x, -n - 5*x + 45 = 0. Calculate the greatest common factor of 192 and n.
6
Let y(n) = 31*n + 22. Let o be y(8). What is the highest common factor of o and 20?
10
Suppose 4*h + 5*q = 23 + 65, 4*q = -h + 22. Let x be h/5*5 + -1. Calculate the greatest common divisor of x and 6.
3
Let f = 14 - 0. Let h be -10*21/6*(0 + -1). Calculate the highest common divisor of f and h.
7
Suppose 4*d - 253 = 643. Calculate the highest common divisor of 16 and d.
16
Let d(u) = -u**2 - 13*u - 24. Let b be d(-11). Let y be (2 - 110/b)*(2 - 1). Calculate the highest common factor of y and 38.
19
Suppose 16*h + 494 = 1534. Suppose -2*i + 69 = 17. What is the greatest common factor of i and h?
13
Let y(w) = 7*w - 5. Let d(k) = 7*k - 5. Let u(a) = -3*d(a) + 4*y(a). Let l be u(2). What is the greatest common divisor of l and 72?
9
Suppose -2*s = 2*s - 180. Suppose -90 = -9*n + s. What is the highest common factor of n and 135?
15
Let d be (-2632)/21*-3 - (3 - -2). Calculate the highest common divisor of d and 21.
7
Let p be 10/90*9*36. Calculate the greatest common factor of 1800 and p.
36
Let z(m) = -25*m. Let k be z(-1). What is the highest common factor of 25 and k?
25
Let o be (-6)/12 + 27/6. Suppose -4*b + m + 78 = 0, 0*m + 12 = b - o*m. Calculate the highest common divisor of b and 5.
5
Let v = -17 - 18. Let o be ((-5)/(v/(-6)))/(9/(-441)). What is the greatest common factor of o and 7?
7
Let f = -12 - -24. Let o = f - 6. Let q = o - -3. Calculate the greatest common divisor of q and 99.
9
Suppose -5*w = 4*v - 36, -3*v + 4*v - 4*w - 30 = 0. What is the highest common factor of v and 56?
14
Let i be (((-784)/(-21))/16)/((-2)/(-594)). Calculate the highest common divisor of i and 55.
11
Let v(i) = -3*i + 82. Let j be v(-17). What is the highest common divisor of 19 and j?
19
Suppose 3*y - 361 = 395. Calculate the greatest common divisor of y and 144.
36
Suppose -3*p + 2*x + 36 = 0, 4*p = 2*x + x + 48. Let j = -8 + p. Suppose -j*a - a + 5*u = 10, -5*u = -a - 22. Calculate the highest common factor of 3 and a.
3
Suppose -2*h - 4*x - 4 = -2*x, -4*h - 44 = -5*x. Let j be 3*-1 + (h - -37). Suppose 4*t - j = 44. Calculate the greatest common divisor of 9 and t.
9
Suppose -990 + 340 = -5*o. What is the greatest common factor of o and 10?
10
Let q(j) = -j - 9. Let l be q(-8). Let p = 4 - l. Suppose 3*s - 89 = -4*d, -9*s + 7*s = -d - 74. Calculate the greatest common divisor of p and s.
5
Let v = -134 - -152. Calculate the greatest common factor of 153 and v.
9
Suppose -5*d = 8 + 7. Let v be (-2 - d/1)*13. Let o = v + -7. Calculate the highest common factor of o and 18.
6
Suppose 510 = 3*f + 71*v - 73*v, 489 = 3*f + 5*v. Calculate the greatest common factor of f and 315.
21
Let x = -22 - -36. What is the greatest common divisor of x and 91?
7
Let s = 1281 - 1180. Calculate the highest common divisor of 101 and s.
101
Let a(n) = n**2 + 22*n + 113. Let v be a(-14). What is the greatest common factor of 79 and v?
1
Suppose 4*n - 11*x - 39 = -12*x, -5*n - 3*x = -54. Calculate the highest common factor of n and 21.
3
Let t be (-16 - -22)*((-645)/(-6))/5. Let z be 1 - ((0 - -1) + -86). Calculate the greatest common factor of z and t.
43
Let k(j) = -275*j**3 - 10*j**2 + 7*j + 8. Let r be k(-2). Calculate the highest common factor of 6 and r.
6
Let m be (1 + 60)/(0 + 1). Let l = m - 38. Calculate the greatest common factor of 115 and l.
23
Let f(u) = -u**3 - 45*u**2 - 8*u - 348. Let z be f(-45). Let j be (3 - 1)/(-2)*-144. What is the greatest common factor of j and z?
12
Let t(z) = -z**2 + 9*z + 3. Let i be t(8). Let f = -12 + i. Let g = 4 + f. Calculate the greatest common divisor of 2 and g.
1
Let j = 19 - 10. Let m(o) = -o + 7. Let p be m(0). Let t = p - 4. Calculate the greatest common divisor of j and t.
3
Let b be 3 + -1 + 11*2. Let c(j) = 2*j**2 - 4*j + 32. Let z be c(4). What is the highest common divisor of b and z?
24
Let m(d) = 92*d - 26. Let s(n) = -91*n + 24. Let t(y) = 6*m(y) + 7*s(y). Let u be t(-2). What is the greatest common factor of u and 26?
26
Let m(s) = 14*s + 6. Let j(f) = -f. Let g(v) = 10*j(v) + m(v). Let z be g(5). Calculate the highest common divisor of 39 and z.
13
Suppose -1 = -y + 4*m, -m = -3*y + 2*y + 1. What is the greatest common divisor of 89 and y?
1
Suppose 9 = 3*x - 0. Suppose -128 = 7*k - x*k. Let y = k - -56. What is the greatest common factor of 8 and y?
8
Suppose 3*m = 2*m + 7. Suppose 5*y - 2 = -g, 0 = -29*g + 34*g - 3*y - 38. Let o = m + g. Calculate the highest common factor of 56 and o.
14
Suppose 1257 = 27*n - 471. Suppose 0 = -0*v - 2*v + 4. Suppose -v*f = -13 - 3. Calculate the highest common factor of n and f.
8
Let m(q) be the second derivative of 11*q + 1/6*q**4 + 1/20*q**5 + 0 - 3/2*q**2 - 7/6*q**3. Let f be m(6). What is the greatest common factor of 27 and f?
27
Suppose 0 = -s - 2*s - 4*a + 4, 5 = 5*a. Suppose s = -3*z - 5*t + 437, -z - t - t = -146. Calculate the highest common factor of 16 and z.
16
Let k(r) be the third derivative of -5*r**4/24 - 50*r**3/3 - 60*r**2. Let y be k(-30). What is the highest common divisor of 25 and y?
25
Suppose -8 = 4*h - 2*h, 2*g = 4*h + 44. Let y = -2 - -6. Suppose 0 = 2*a - 4*a + 2*q + g, 2*a - 26 = -y*q. What is the greatest common divisor of 81 and a?
9
Let h = -9 - -10. Let j be (4 - 1 - 1) + h. Suppose 293 + 261 = 4*v - 2*i, -5*v + 709 = j*i. What is the greatest common factor of v and 28?
28
Let h be 24/30 + 32/10. Let p be h/20 - (-299)/5. Let m be p/(-8)*(-2)/3. What is the highest common divisor of 2 and m?
1
Let t(g) = -7*g - 14. Let k be t(-12). Let v(h) = h**2 + 4*h + 3. Let a be v(-3). Suppose 2*x + x - 42 = a. Calculate the greatest common divisor of x and k.
14
Let v(o) = -o**2 - 8*o + 3. Let h be v(6). Let f be ((-24)/(-18))/((-3)/h). Calculate the greatest common factor of 6 and f.
6
Let g(h) = -h**3 - 9*h**2 + 6*h - 20. Let c be g(-10). Suppose -5*u = s - c, -2*s + 96 = -3*u - u. What is the greatest common factor of 30 and s?
10
Suppose 0 = -6*t + 73 + 35. Let k(j) = -10*j + 16. Let g be k(-2). Calculate the greatest common divisor of g and t.
18
Let s(k) = -44*k**3 + 2*k. Let p be s(-1). Calculate the highest common factor of p and 1736.
14
Suppose 773 = -4*p + 4153. Let s be 1/(-6) + p/30. Calculate the highest common factor of s and 56.
28
Let d be 2 - (-16 - 18)*29/2. Calculate the highest common factor of 30 and d.
15
Suppose m - 114 = -24. Let k be 1/(5/m) + 1*4. Let o(a) = 2*a**2 - 6*a - 1. Let r be o(-4). What is the highest common divisor of k and r?
11
Let t(v) = 3*v**2 - 23*v - 18. Let o be t(9). Calculate the greatest common factor of o and 747.
9
Let a = -399 + 423. What is the greatest common divisor of a and 128?
8
Suppose 4*t - 1585 = -6*b + 5*b, -7*b = 5*t - 1987. Let i be 0 + 38 - (-8)/(-4). What is the greatest common factor of t and i?
36
Let l = 81 + -37. Let w = l - -103. What is the greatest common divisor of 21 and w?
21
Suppose 0 = -5*u - 8*q + 7*q + 1304, 266 = u - 5*q. What is the greatest common divisor of 90 and u?
9
Let k(q) = -q**2 + 4*q - 3. Let b be k(1). Suppose b = 4*l - 2*f - 42, -2*f + 24 = 2*l - 0*f. What is the highest common divisor of 154 and l?
11
Let s(l) = -9*